y?
8
Let r(z) = z**3 - 8*z**2 + z - 9. Let w be (0 - -1) + -7 + 14. Let h be r(w). Let s = 3 + h. What is the units digit of s?
2
Let x = -5 + 8. Suppose -5*z + x*v - 19 = 0, -4*z + 3*v - 12 = 5. What is the units digit of z/((15/(-6))/5)?
4
Suppose -59*w + 420 = -52*w. What is the tens digit of w?
6
Let d(i) = -3*i + 0*i + i**3 + 5*i - 9 - 6*i**2. Suppose -19 = -4*h - v, -4*v = 5*h - 8 - 2. What is the units digit of d(h)?
3
Let q = 11 + 78. What is the units digit of q?
9
Suppose -55 = -2*y + 7*y. Let o = y + 17. What is the units digit of o?
6
Let j(y) = y**3 - 3*y**2 + y. Let z be j(3). Suppose 29 = z*o + 8. What is the units digit of o?
7
Let i = -5 - -10. Let g(q) = 5*q**2 + 2*q + 1. Let y be g(2). Suppose 4*c + i - y = 0. What is the units digit of c?
5
Let g = -107 + 151. Suppose -2*w = 4*z - g, -3*w - 2*z - z + 63 = 0. What is the units digit of w?
0
Suppose 0 = -5*c + 4*b - 0*b + 1078, -b = c - 221. What is the tens digit of c?
1
Suppose -2*q - 2*q = -320. Suppose -q = l - 5*l. What is the tens digit of l?
2
Let g(u) = -2*u + 4. Let r be g(5). Let t = r - -11. What is the units digit of t?
5
Let s(u) = u**2 - 4*u + 7. Let c be 8/(-16)*-10*1. What is the tens digit of s(c)?
1
Let l(t) = t**3 - 18*t**2 - 13*t + 20. What is the tens digit of l(19)?
3
Let m = 0 + -13. Let z = 19 + m. Let o = 23 - z. What is the units digit of o?
7
Let i = 41 - 8. Suppose 3*l - 2*x = -36, -3*l - i = x - 2*x. What is the units digit of (-4)/l*(-45)/(-3)?
6
Let y(s) = 3*s + 3. What is the units digit of y(7)?
4
What is the hundreds digit of 173 + (-5)/((-5)/(-4))?
1
Suppose 112 = 3*h + h. Suppose 0 = 5*s + 4*k - 13 - h, 2*s = 3*k - 2. What is the units digit of s?
5
Suppose 0 = -s + 5*s + o - 302, 5*o = -3*s + 235. What is the units digit of s?
5
Let k(h) = 29*h**3 - h - 14*h**3 - 8*h**2 + 6 - 16*h**3. Let p be (8/(-10))/((-1)/(-10)). What is the units digit of k(p)?
4
Let c = 12 + 4. What is the units digit of c?
6
What is the hundreds digit of 135 + (1 - -1) + (-4)/2?
1
Let u = 24 + 2. Suppose 3*a - 2*q = u + 11, -q = 5*a - 53. Let p = a - 6. What is the units digit of p?
5
Suppose -3*q - 32 = 1. Let o = 33 - 50. Let z = q - o. What is the units digit of z?
6
Let z be (-21)/(-3) - (-4)/(-2). Suppose -q + 1 = 3*l - 0*q, -l = -q + 1. Suppose 0*p + z*p - 25 = l. What is the units digit of p?
5
Let o = -5 + 8. Suppose -5 = -o*c + 7. Suppose -3*a = a + 2*u - 40, c*a = -4*u + 32. What is the tens digit of a?
1
Let a(n) = n**2 + 8*n - 2. Let o(f) = -f**2 - 4*f - 5. Let k be o(-5). Let t be a(k). Suppose -5*m = -t - 62. What is the units digit of m?
6
Let j(g) = g**2 + 4*g + 3. Let w be j(4). Let y be 6/(-21) + (-36)/21. What is the units digit of (42/w)/(y/(-10))?
6
Let n be -1*2/(-4)*2. Let v be n/(-4) + (-61)/(-4). Suppose 0 = -5*c - 5*p + v, -5*c + 2*p = -2*p + 3. What is the units digit of c?
1
Suppose -2*r = -1 + 9. Let a = r - -6. What is the units digit of a?
2
Let l(d) = -d**2 - 3*d. Let s be l(-3). Suppose -3*k + 5*u + 11 = s, -u + 5 = 5*k - 32. What is the units digit of k?
7
Let r(v) = -2*v - 1 - 1 + 3*v. Let a be r(5). Suppose 3*s - 2*i + a = -7*i, -s = 2*i + 2. What is the units digit of s?
4
Let j = -65 - -110. What is the units digit of j?
5
What is the tens digit of ((-108)/8)/((-1)/2)?
2
Suppose 1746 = 9*d - 0*d. What is the tens digit of d?
9
Let g be (-1)/(-5) + 49/5. Let c = 0 - 1. What is the units digit of c + (0 + g)*1?
9
Suppose 0 = -4*o - 4*w + 184, -4*o + 136 = -4*w - 40. What is the units digit of o?
5
Suppose -8*t + 4*t - 12 = 0. Let s = -3 - t. Suppose 3*u - 6 + s = 0. What is the units digit of u?
2
Let w be 4/(-2)*1/(-2). Let r = w - 1. Suppose r = -k + u + 5, 4*u - 8 = -3*k + 14. What is the units digit of k?
6
Suppose 6 = -2*q - 6. Let s = q + 11. What is the units digit of s?
5
Suppose -7*f = -2*f - 125. What is the tens digit of f?
2
Suppose -3*z - 4*a - 2 + 6 = 0, -z = 5*a - 16. Let k be ((-3)/(-2))/((-3)/z). Suppose 2*u - 24 = -k*u. What is the units digit of u?
6
Let c(d) = d**2 + 1. Let r(f) = f**2 + 3. Let w(p) = 5*c(p) - 2*r(p). Suppose -h + 2*m + 0 = -2, 2*h - 2*m - 4 = 0. What is the tens digit of w(h)?
1
Suppose 5*a = s + 304, -2*a - 4*s = s - 127. What is the tens digit of a?
6
Let f = 15 - 9. Let w = 17 - f. What is the tens digit of w?
1
Let m(j) = -j + 10. Let f be m(0). Let p(u) be the first derivative of -u**4/4 + 3*u**3 + 11*u**2/2 - 8*u - 7. What is the units digit of p(f)?
2
Suppose 4 = -3*i + i, 5*p = 2*i + 49. Let v = p + -3. What is the units digit of v?
6
Suppose -3*b = -6*b + 9. Suppose -w = b*g - 4, -3*g + 23 = -0*w + 2*w. What is the tens digit of w?
1
Let b = -81 + 116. What is the tens digit of b?
3
Suppose r + 3*d = d - 2, -5*d - 5 = 0. Let p be r + 1*(-1 + 2). Let q(c) = 9*c**3 - c**2 + 1. What is the units digit of q(p)?
9
Let b be -9 + (2 - (-2 + 6)). Let o = b - -16. What is the units digit of o?
5
Let c(g) = -7*g - 11. Let l(t) = 3*t + 5. Let w(s) = 4*c(s) + 9*l(s). Let u = -11 - -4. What is the units digit of w(u)?
8
Let t(s) = s + 2 + s - 1 - 3*s. Let o be -7 + 2/1 - 2. What is the units digit of t(o)?
8
Let y be 3*2 + (-2 - -2). Let s(j) = -j + 9. What is the units digit of s(y)?
3
Let u = 91 + -64. What is the tens digit of u?
2
Let n(b) = b + 7. Let x be n(-8). Let d = -6 - x. Let o = -1 - d. What is the units digit of o?
4
Let z = 8 + -13. What is the units digit of (8/20)/((-1)/z)?
2
Let k = 223 - 123. What is the hundreds digit of k?
1
Let z = 7 - 19. Let k = -4 - z. What is the units digit of k?
8
Suppose 0 = 5*f + 3*n - 534, 0 = 4*f - n - 4*n - 405. What is the units digit of f?
5
Let p be ((-6)/9)/(1/(-3)). Let h = p + 13. What is the tens digit of h?
1
Suppose 2*y + 215 = n + 5*y, 0 = -2*n + 2*y + 422. What is the units digit of n?
2
Suppose 36*o + 110 = 37*o. What is the tens digit of o?
1
Let c be -5*(2 + (-12)/5). Suppose 0 = -4*s + 8, -3 = 3*x + c*s + 2. What is the tens digit of (1 + x)*19/(-2)?
1
What is the hundreds digit of 1890/8 + 7/4 + -2?
2
Suppose -t + 15 = -4*s - 20, -3*s - 9 = 0. What is the tens digit of t?
2
Let v(i) = -7*i**3 - i**2 + 2*i - 1. Let l be v(1). Let s be 2/5 + 54/90. Let g = s - l. What is the units digit of g?
8
Let f(m) = 5*m - 9. What is the units digit of f(2)?
1
Let s(b) = -b**2 + 4 + 6*b + 4 - 2. Suppose -k - 4*k + 30 = 0. What is the units digit of s(k)?
6
Suppose 5*u - 38 = 27. What is the tens digit of u?
1
Let t be (-118)/(-10) - 3/(-15). Suppose -5*s = -3*y - 2*y + 30, 3*s - t = 0. What is the units digit of (y/4 + 0)*2?
5
What is the units digit of (-18)/81 - (-3406)/18?
9
Let b(o) = o**2 + 5*o + 6. Suppose -5*z + 15 = -5. Suppose -14 - 6 = z*q. What is the units digit of b(q)?
6
Let t(m) be the third derivative of -m**5/60 - 7*m**4/24 + m**3/3 + m**2. Suppose k + 2 = -4. What is the units digit of t(k)?
8
Suppose 16 + 2 = -2*v - 3*a, -5*v + a = 11. What is the units digit of (-42)/(-18) - 2/v?
3
Let w(i) = 2*i**3 + 4*i**2 - 8. What is the tens digit of w(4)?
8
Let m be 2 - (-3)/((-3)/3). Let u(x) = -2*x. What is the units digit of u(m)?
2
Let u(f) be the first derivative of -f**2/2 + 3*f - 2. Let c = 0 + 0. What is the units digit of u(c)?
3
Let a(k) = k**3 - 5*k**2 + k - 6. What is the tens digit of a(6)?
3
Suppose -b = 2*b - 99. Suppose 3*c + c = 0. Suppose c*w = 3*w - b. What is the tens digit of w?
1
What is the tens digit of 61 - (-4 + 1 + 4)?
6
Let r be 12*(1 - 1/3). Let s = r + -6. Suppose 8 = 2*j + s. What is the units digit of j?
3
Suppose 0 = 4*o - 26 + 2. What is the units digit of (-60)/8*o/(-9)?
5
Let c(u) = u**2 - 5*u - 9. Let j be c(7). Suppose 2*f - a = 3*f + 2, j*a + 28 = f. Let m(x) = 2*x**3 - 5*x**2 + 2*x - 1. What is the tens digit of m(f)?
1
Let b(j) = -j**3 + 5*j**2 + 2*j - 3. Let s be b(5). Let m = s - 2. Let r = 8 - m. What is the units digit of r?
3
Let v be 2/((-2)/3) + -2. Let b(l) = -l**2 - l - 6. Let j be b(v). Let c = -15 - j. What is the units digit of c?
1
Let l = -118 - -177. Suppose -5*w + 4*h = 1 - 11, -5*w + 3*h + 10 = 0. Suppose -20 + l = 3*c + 3*z, 10 = w*c - 2*z. What is the units digit of c?
9
Let j be ((-9)/(-6))/(4/8). Suppose -3*c + 5*c = -j*o + 50, 0 = 2*o - 4*c - 28. What is the units digit of o?
6
Let h(t) = t**2 + 5*t + 7. Suppose -3*w = 5*m + 30, 2*m - 3*w + 6 = m. What is the tens digit 